ommon factor of a and m?
10
Suppose 3*q - 3*v - 33 = 0, 7*q + 2*v + 510 - 506 = 0. Suppose 2 = 2*g - 0. Let w be g/(-2)*(1 - 3). What is the greatest common factor of q and w?
1
Suppose 0 = 2*b - 29*m + 38*m - 361, 0 = -b + 3*m + 173. Calculate the greatest common factor of 2200 and b.
88
Let z = -27 - -29. Suppose -3*j = -2*t + 7, z*j - 4*t = -3*j - 9. Let k be (-90)/(-6)*(-6)/j. What is the highest common factor of k and 2?
2
Suppose n + 10 = 6*n. Suppose -2*p + 3*h + 61 = 0, 4*p + 2*h - 152 = -n*h. Let l = -2017 - -2038. Calculate the greatest common divisor of p and l.
7
Let f = 11 - -26. Suppose 2125 - 1940 = p. Calculate the greatest common divisor of f and p.
37
Let u(f) = -33*f + 1488. Let x be u(-14). What is the greatest common divisor of 1050 and x?
150
Let q be -7*((-8)/(-7))/(-2). Let j(t) = -q*t + 1 + 1 + 2 + 3*t**3 + 3*t. Let n be j(2). Calculate the greatest common divisor of 65 and n.
13
Let x = -39 - -41. Suppose -1 = -4*f + 7, 4*i - x*f + 12 = 0. Let c be ((-1)/i)/((-3)/(-6))*64. What is the greatest common factor of c and 8?
8
Let s(b) = -9*b - 10. Let j be s(10). Let u = 2047 - 2166. Let m = j - u. Calculate the highest common factor of 95 and m.
19
Suppose 21021 = -5*i + 3*o + 59905, 5*o = i - 7746. Calculate the greatest common divisor of 31 and i.
31
Let x(a) = -5*a + 10*a + 50 + 0*a - 2*a. Let z be x(5). Suppose 0*f = -f + z. What is the highest common divisor of f and 10?
5
Let v = -162 - -344. Suppose -7*t + 2058 = -v. What is the greatest common factor of t and 128?
64
Let p = -116 + 176. Let l(g) = -g**2 - 8*g + 2. Let b be l(-6). Suppose v + b = 38. Calculate the highest common factor of v and p.
12
Let t(r) = 366*r - 7107. Let y be t(36). What is the greatest common divisor of y and 42?
21
Let g = 29 + -22. Suppose -222 + 1482 = g*h. Let r = -124 + 144. What is the highest common divisor of r and h?
20
Let n(f) = 100*f**2 - 12*f - 12. Let d be n(-1). Suppose -5*z = 3*r - 409, 0*z + 2*r + 154 = 2*z. Calculate the highest common divisor of z and d.
20
Suppose -5*y + u - 80850 = 3*u, 2*y + 2*u + 32346 = 0. Let a be y/(-56) + 4/14. Calculate the greatest common divisor of 17 and a.
17
Suppose -5*c = 11*n - 905, -3*n + 212 - 10 = 4*c. Let t be (1 - 13)/((-2)/10). Calculate the highest common divisor of t and n.
30
Let q(w) = 19*w**2 + 183*w - 41. Let t be q(8). Calculate the highest common factor of 609 and t.
203
Suppose 16*u = b + 13*u - 11, -3*b - 2*u = -11. Calculate the highest common factor of 29 and b.
1
Let j = -4194 - -15072. Calculate the highest common factor of j and 147.
147
Let x(d) = 12*d - 58. Let l be x(5). Let z be (l - 0) + 24 - 4. Calculate the highest common factor of z and 176.
22
Let f = 12695 + -12587. Calculate the highest common factor of f and 1908.
36
Let l be -6 + -5*(-1696)/80. Suppose 2*a - 5*a = -12. What is the highest common factor of a and l?
4
Suppose m - 7 = 5*g, 2*m - 1 = 25*g - 28*g. Let w be 2 + 6490/40 + m/(-8). What is the highest common divisor of 8 and w?
4
Let x = -894 + 972. Suppose 9*i - 183 = x. Suppose -t + 68 = -77. What is the highest common factor of i and t?
29
Let l be 105/24 + 0 + -4 + 424602/144. What is the greatest common divisor of 3 and l?
3
Let n = -4173 + 4643. What is the greatest common divisor of n and 3478?
94
Let s be 18/(-3) + 3 - -2. Let v be 312 + s + -3 + 0. Let w be 3/(-4) - (1/(-2) + (-45539)/1612). Calculate the highest common divisor of w and v.
28
Suppose -18 = 3*f - 5*f. Suppose f*p + 316 = 19. Let d = 35 + p. What is the highest common factor of 8 and d?
2
Let f(u) = u**2 + 9*u - 3. Let x be f(-10). Let b = -1213 + 1227. What is the highest common divisor of x and b?
7
Let l be ((-1460)/219)/((-2)/9). Let x = 13 + -3. What is the highest common divisor of x and l?
10
Let d be ((-2)/4)/((-1)/(-10)). Let c = d - -6. Suppose -5*a + 4 = -2*j - 2*a, 0 = -3*j + 3*a. What is the greatest common factor of c and j?
1
Let x be (208/48)/(-2*(-2)/12). Let i be (x/(-2))/((-32)/448). Calculate the highest common divisor of i and 13.
13
Let g be (-6 + 22/2 - 3)*-88. Let c = -26 - g. Let u = 51 - 21. Calculate the highest common divisor of u and c.
30
Let c(l) = l**3 - 25*l**2 + 101*l - 11. Let s be c(20). Let h(z) = 11*z**2 - 2*z - 22. Let p be h(5). What is the greatest common divisor of s and p?
9
Let f = 20 - -31. Let d(a) = 35*a**3 - 9*a**2 + 12*a + 4. Let m be d(2). Calculate the greatest common divisor of f and m.
17
Let b(u) be the first derivative of -2*u**2 - 54*u - 396. Let f be (-2 + -1)/(6/28). Let x be b(f). What is the greatest common divisor of x and 14?
2
Suppose 876 = -4*c + 1468. Suppose -3*v = 2*q - 235, c = 2*q + 4*v - 86. What is the highest common factor of 34 and q?
17
Let u = 28690 - 28591. Suppose 3*z + z + 2*b = 128, 3*z - 103 = 2*b. Calculate the greatest common factor of z and u.
33
Suppose -15*c + 20*c = 670. Let t = 139 - c. Let z = -47 + 82. What is the greatest common divisor of t and z?
5
Let k = -7040 + 8247. What is the greatest common divisor of 497 and k?
71
Let p be -4 + 10/2 - 16*-5. Suppose 2*j + 4*r = 8*r + 66, 3*r = -3*j + p. Calculate the greatest common divisor of j and 145.
29
Suppose a + 91*j = 87*j + 50, -5*a + 106 = 2*j. What is the highest common factor of a and 4092?
6
Let b(p) = -p**3 + 30*p**2 + 305*p - 28. Let z be b(38). Let a = -2 + 7. What is the greatest common factor of z and a?
5
Let y be 22848/416 + -26 - (-2)/26. What is the greatest common divisor of y and 1?
1
Let k = 7786 + -7754. What is the greatest common factor of k and 2608?
16
Suppose 4*y + 48 = 6*y. Let l(k) = -k**2 + 7*k + 47. Let j be l(11). Suppose -78*b = -77*b - j. Calculate the highest common factor of b and y.
3
Suppose -5 = 5*i, 0*q - 3*q = -5*i - 74. Suppose -13*m + 87 = -9*m + j, -5 = j. What is the highest common divisor of q and m?
23
Let l be (-2 - (-10)/4)*4. Let h(c) = -2*c**2 - 4*c - 3. Let i be h(-4). Let t be 0/(-3 + l) - (i + 4). What is the highest common factor of t and 20?
5
Suppose -121*y + 99*y + 16038 = 0. Calculate the greatest common factor of 2538 and y.
27
Suppose 1990*b - 2036*b + 142186 = 0. What is the greatest common divisor of b and 55?
11
Let c be -2*1/3*-51. Suppose -5*x - 9*j + 1065 = 0, 556 + 31 = 3*x - 5*j. Calculate the greatest common divisor of x and c.
34
Let k(r) = 2*r**3 + 9*r**2 + 24*r - 63. Let x be k(7). What is the greatest common divisor of 396 and x?
44
Let t(a) = 9*a**2 + 202*a - 985. Let d be t(5). What is the highest common factor of 110 and d?
10
Let x = -2481 + 2547. What is the highest common divisor of 231 and x?
33
Suppose 4*t - 119 = 141. Suppose 3*b = -75 + 84. Suppose -328 = -b*z - 5*d + t, d = 2*z - 275. Calculate the greatest common factor of z and 17.
17
Suppose y = 3*w + 183, -5*y = -5*w - 733 - 202. Let j be 3822/y + (-11)/9 + 1. Suppose 6 = c - j. Calculate the greatest common divisor of 260 and c.
26
Suppose -52*q - 358 = -53*q. Suppose 5*u - q + 28 = 0. Calculate the highest common factor of u and 154.
22
Let p(r) = r**2 + 39*r + 12. Let z be p(0). What is the highest common divisor of 354 and z?
6
Suppose -3*j = 5*c - 98, 3*c - 61 = -3*j - j. Suppose c*f - 2206 = -439. Calculate the highest common divisor of 155 and f.
31
Let f(r) = -r**2 + 39. Let w be f(0). Let g(t) = 3*t - 49. Let b be g(w). Calculate the highest common factor of 119 and b.
17
Suppose -k = 5*z - 2*z + 970, 2*k + 1964 = 2*z. Let n = 1831 + k. Calculate the greatest common divisor of n and 24.
12
Let s be 168/98 - ((-36)/28 + 1). Suppose 4*r + 130 = 5*d, 0 = 3*r + s*r + 25. What is the highest common factor of d and 550?
22
Let k be (-37 - -65)*(0 - (0 + -2)). Let v = 61 - k. Suppose -v*g + 5*b = -g - 23, -21 = -3*g + 3*b. What is the greatest common factor of g and 6?
6
Let u be (-2 - 8/(-3))*3. Suppose -4*j = 5*h - 34, u = 2*h - h. Let i = -11675 - -11687. Calculate the highest common divisor of i and j.
6
Suppose 4*i = -8*m + 11*m + 432, -4*i + 2*m = -428. Let v(r) = -r + 10. Let x be v(-11). What is the greatest common divisor of i and x?
21
Let i(j) = -j**2 + 15*j + 16. Let z be -4 - ((-12)/(-9))/((-1)/3). Let s be i(z). Calculate the greatest common factor of 64 and s.
16
Suppose 5*t - 2*p - 2290 = 0, 5*t - 3*p - 2*p = 2305. Let n be (12 + (11 - (-803)/(-33)))*-18. Calculate the highest c